) = -k. Let z be (370/(-15) - 6)*-3. Suppose -4*a - m + z = 11, 4*a - 96 = -4*m. Calculate the remainder when a is divided by q(-4).
3
Suppose -f + 15 = -4*j, 0 = 2*f - j - 22 - 8. Suppose -f = -2*r - 1. Let i(m) = -9*m**2 + 447*m + 8054. What is the remainder when i(-14) is divided by r?
4
Suppose -3*r = 3*h - 147, 0 = 2*r + 9 - 11. Let m = 589 + -414. What is the remainder when m is divided by h?
31
Let x be 2*-6 + (3 - 1) + 1. Let f = -16 - -23. Calculate the remainder when 60/x*(-3)/1 is divided by f.
6
Suppose -22*y + 8245 = -907. Let o = -343 + y. Suppose 52 = 2*x - 0*x. What is the remainder when o is divided by x?
21
What is the remainder when (-20)/16 - 47400/(-160) is divided by 145?
5
Let m = -339 + 341. Suppose -m*c = -4*l + 994, -5*c = -4*l - 595 + 1592. What is the remainder when l is divided by 50?
48
Let f(d) = 8*d - 130. Let n be f(0). Let h = n - -167. Suppose 483 + 252 = 5*k - x, 2*k = 5*x + 317. What is the remainder when k is divided by h?
35
Let b be (-23 + -2)*(1 - 2). Suppose i + 3*h - b = 25, -2*i + 150 = -4*h. What is the remainder when i is divided by 18?
11
Suppose d = 4*d + 3*i - 30, -2*d + 5 = -i. Suppose -d*a + 117 = -2*a. Calculate the remainder when a is divided by 2*(-84)/(-16)*2.
18
Suppose -434 = 5*x + m, 5*x + 4*m = -0*m - 446. Let r = -102 - x. What is the remainder when -4*2/r - 325/(-10) is divided by 4?
1
Let a = 54 - 62. Let y(q) = -3*q + 95. Calculate the remainder when y(a) is divided by (-4)/(-14) - 164/(-14).
11
Let c(f) = 6*f**2 + 5*f + 6. Suppose 8*n - 2*n = 30. Suppose -4*l + m = 13, -m + 15 = -n*l - 2. Calculate the remainder when c(l) is divided by 17.
14
Let k = 246 - 29. What is the remainder when k is divided by 17?
13
Suppose 57*h = 35*h - 4*g + 168240, 2*h = g + 15285. What is the remainder when h is divided by 25?
21
Let i(c) = c + 2*c**3 + 3*c**3 - 9*c**3 + 5*c**3 - 8*c**2 + 7 + 4. What is the remainder when 151 is divided by i(8)?
18
Suppose 4*i + 76 = 8*i. Let x = -19 + i. Suppose 900 = -x*n + 10*n. Calculate the remainder when n is divided by 13.
12
Let u = -2440 - -4115. Calculate the remainder when u is divided by 26.
11
Suppose -2*q + 119 = 5*b, -3*b + 6*q - 2*q = -61. Let u(x) = x**2 + 501*x - 22148. Calculate the remainder when u(41) is divided by b.
5
Suppose 2*v + 19*u = 14*u + 10, -4*v = u - 2. Suppose -3*x + 208 = 4*g - 2*x, v = -x - 4. What is the remainder when 102 is divided by g?
49
Suppose -2*b = b + 5*w, -5*b = 4*w. Suppose 0 = -2*g - 6, -5*g + b*g - 12 = -3*j. Let x = j - -51. Calculate the remainder when x is divided by 17.
16
Let f(v) = 155*v - 5275. Calculate the remainder when f(40) is divided by 91.
15
Suppose 0 = 173*s + 371943 - 1422226. What is the remainder when s is divided by 81?
77
Let r = 35 + -34. Suppose -2*g - r = 7, 0 = -5*m + g + 89. Suppose 13*y + 136 = m*y. Calculate the remainder when y is divided by 10.
4
Let b(h) = -10*h + 8*h - h**3 - 5*h**2 + 8 + 1 + 3*h**3. Let q be b(4). Let x = q - 27. Calculate the remainder when x is divided by 6.
4
Let d(q) = 2*q**2 - 17*q - 2. Let s(v) = -12 - 16*v + 9 - 2*v**2 + 4*v**2. Let r(t) = -6*d(t) + 7*s(t). Calculate the remainder when 28 is divided by r(6).
1
Suppose -1855 = -33*q - 20*q. What is the remainder when 79 is divided by 715/q - ((-256)/56 - -4)?
16
Let b(l) = 2*l**2 + 7*l + 3. Let t be b(-5). Suppose 9*r - 4*r = 80. Suppose -t*w = -r*w - 18. Calculate the remainder when w is divided by 3.
0
What is the remainder when 174 is divided by (24 - 8) + (-13 - -19)?
20
Let d = 18 - 4. Suppose -46*p + 51*p - n = 25, -27 = -3*p + 3*n. What is the remainder when d is divided by p?
2
Suppose -3*h + 5*d + 16 = 0, -2*h + 10 + 6 = -2*d. Suppose 3*g = -2*j + 7, 2*g - 5*j + 1 = h. Calculate the remainder when 6 is divided by 1 + (-1 + g)/(2/4).
1
Let g(l) = -11*l**2 - 231*l + 17. What is the remainder when g(-17) is divided by 24?
21
Suppose -3*f + 375 = -45*u + 41*u, 250 = 2*f - u. What is the remainder when 2867 is divided by f?
117
Let j(n) = n**3 + 20*n**2 + 82*n - 12. Let k(a) = 6*a + 59. Let q be k(-12). Let b = 131 - 77. What is the remainder when j(q) is divided by b?
51
Let f be (11 - 15)*171/4. Let q = -99 - f. Calculate the remainder when q is divided by 19.
15
Let u(s) = -s**3 - 10*s**2 - s + 3. Suppose 5*a - 1295 = -975. Calculate the remainder when a is divided by u(-10).
12
Let x(v) = 20*v**2 - 62*v - 71. Calculate the remainder when x(-14) is divided by 80.
77
Let b(k) = k**2 + 77*k - 1874. Suppose -3*o + 1580 = -o. What is the remainder when o is divided by b(-97)?
64
Suppose -1371 = -35*i - 286. Let o = 154 - i. Calculate the remainder when o is divided by 64.
59
Suppose 3*x - 33 = -3*c, 0 = -4*x + 3*c + 45 - 15. Let n(g) = -4*g - 15. Let b be n(-11). Suppose -b = -5*y + 46. What is the remainder when y is divided by x?
6
Calculate the remainder when 4282 is divided by 6*(20 + -3 + -14).
16
Let s(w) = 142*w - 953. Calculate the remainder when 9509 is divided by s(7).
38
Suppose 280 = -24*m + 10*m. Let g = m - -62. Calculate the remainder when 207 is divided by g.
39
Let z = 7057 + -6178. Calculate the remainder when z is divided by 13.
8
Suppose 4*r - 84 = -4*d, -5*r + 3*d + 0*d + 73 = 0. Calculate the remainder when r is divided by -5 - 66/(-13 - -7).
5
Let h(g) = 43*g**2 + 9*g - 8. Let k(r) = 11*r - 263. Let j be k(24). Calculate the remainder when h(j) is divided by 7.
2
Let n(c) = -c**3 + 8*c**2 - 6*c - 3. Suppose s + 3 + 13 = 2*z, -2*s = z - 3. Let r be -1 - (-3 - z - -2). Calculate the remainder when 11 is divided by n(r).
3
Let b(g) = -3*g**2 - 7*g. Let w be b(-4). Calculate the remainder when 72 is divided by (-2)/(w/126) - (-144)/360.
7
Let t = -23 + 33. Suppose -13*m - 117 = -572. Calculate the remainder when 1/((-3)/(-6))*m/t is divided by 6.
1
Calculate the remainder when 3/(-7) + (-2180)/(-56)*8 + 8 is divided by 33.
22
Let o be (-1 + 27)*(2 - 24/16). Suppose o*c - 231 = -10. Calculate the remainder when c is divided by 5.
2
Let t(u) = -8*u + 5. Let i(v) = 7*v - 5. Let p(n) = -7*i(n) - 6*t(n). Suppose 343 = 118*d - 111*d. Calculate the remainder when d is divided by p(-8).
10
Let u(l) = 17*l**3 - 48*l**2 + 11*l - 31. Let n = 217 + -103. Suppose 4*r - 3*r = n. Calculate the remainder when r is divided by u(3).
27
What is the remainder when (-343)/98 + (-6)/4 - 25450/(-5) is divided by 32?
29
Suppose 0 = -3*n + 21 + 9. Suppose -8*t = n - 2. Let d = 21 + t. What is the remainder when d is divided by 13?
7
What is the remainder when ((-6)/5)/(2/(-305)) is divided by 85?
13
Suppose 0 = 5*r - 5, -v = 177*r - 174*r - 68. Suppose 5*b = 5*i - 110, -2*i + 19 = 4*b - 7. What is the remainder when v is divided by i?
8
Let k(j) = 4*j**2 - 56*j + 845. What is the remainder when 1498 is divided by k(12)?
0
Let m(f) = 58*f**2 + 12*f + 1. Let c be m(2). Suppose -2*q = b - c, 5*b - 4*q = -6*q + 1261. Calculate the remainder when b is divided by 14.
13
Suppose 0 = -3*f - 14 + 47. Let i = 6969 + -6963. Suppose f*h = i*h + 345. Calculate the remainder when h is divided by 14.
13
Suppose 0 = -2*h - 6 + 4, -h = 5*g - 4159. Suppose 10*i - g = -16*i. Calculate the remainder when 116 is divided by i.
20
Let g = 6238 - 6046. What is the remainder when 1533 is divided by g?
189
Let u(r) = 2*r + 117. Suppose -324 = -x - 38. Calculate the remainder when x is divided by u(-44).
25
Let v be (-34 + 4)*(-2 + 46/(-3)). Suppose -t + v = 9*t. Calculate the remainder when t is divided by 28.
24
Let p(a) = 4*a**2 + 3*a. Let k be p(-3). Let t = -18 + k. Suppose -35 = -x - t. What is the remainder when 48 is divided by x?
22
Let n = 394 + -390. Suppose 0 = -n*b + 105 - 17. What is the remainder when b is divided by 14?
8
Let a = -4161 - -4177. Calculate the remainder when 117 is divided by a.
5
Let t(k) = 200*k**3 + k**2 + 33*k - 68. What is the remainder when t(2) is divided by 7?
6
Let a = -15639 - -20862. Calculate the remainder when a is divided by 1738.
9
Let k be -2 + (-49)/(-7) - 5. Suppose -2*i + 4*j + k*j = -10, 0 = -5*i + 3*j + 39. What is the remainder when 187 is divided by i?
7
Suppose 5*o - 5*y = 55, -5*y + 2 = o - 3. Suppose -8*v = 2*a - 10*v - 136, 3*v - 265 = -4*a. What is the remainder when a is divided by o?
7
Suppose -30 = 3*p - 21. Let x be (2 + -2)*(-1 - (3 + p)). Suppose 2*a - 55 = -3*o, x + 10 = 